{"id":40,"date":"2020-12-30T22:35:20","date_gmt":"2020-12-30T21:35:20","guid":{"rendered":"http:\/\/torten-und-schnittchen.de\/de\/impressum\/"},"modified":"2025-01-05T19:20:09","modified_gmt":"2025-01-05T18:20:09","slug":"impressum","status":"publish","type":"page","link":"http:\/\/torten-und-schnittchen.de\/de\/impressum\/","title":{"rendered":"impressum"},"content":{"rendered":"<p>Inhaltlich Verantwortlicher:<\/p>\n<p>Christian K\u00e4stner<br \/>\nTel.: 030-84518414<br \/>\nE-Mail: kontakt@torten-und-schnittchen.de<\/p>\n<p>torten &amp; schnittchen<br \/>\nC. K\u00e4stner<br \/>\nLanghansstra\u00dfe 101<br \/>\n13086 Berlin<\/p>\n","protected":false},"excerpt":{"rendered":"<p>Inhaltlich Verantwortlicher: Christian K\u00e4stner Tel.: 030-84518414 E-Mail: kontakt@torten-und-schnittchen.de torten &amp; schnittchen C. K\u00e4stner Langhansstra\u00dfe 101 13086 Berlin<\/p>\n","protected":false},"author":1,"featured_media":0,"parent":0,"menu_order":0,"comment_status":"closed","ping_status":"closed","template":"","meta":{"footnotes":""},"class_list":["post-40","page","type-page","status-publish","hentry"],"_links":{"self":[{"href":"http:\/\/torten-und-schnittchen.de\/de\/wp-json\/wp\/v2\/pages\/40","targetHints":{"allow":["GET"]}}],"collection":[{"href":"http:\/\/torten-und-schnittchen.de\/de\/wp-json\/wp\/v2\/pages"}],"about":[{"href":"http:\/\/torten-und-schnittchen.de\/de\/wp-json\/wp\/v2\/types\/page"}],"author":[{"embeddable":true,"href":"http:\/\/torten-und-schnittchen.de\/de\/wp-json\/wp\/v2\/users\/1"}],"replies":[{"embeddable":true,"href":"http:\/\/torten-und-schnittchen.de\/de\/wp-json\/wp\/v2\/comments?post=40"}],"version-history":[{"count":5,"href":"http:\/\/torten-und-schnittchen.de\/de\/wp-json\/wp\/v2\/pages\/40\/revisions"}],"predecessor-version":[{"id":290,"href":"http:\/\/torten-und-schnittchen.de\/de\/wp-json\/wp\/v2\/pages\/40\/revisions\/290"}],"wp:attachment":[{"href":"http:\/\/torten-und-schnittchen.de\/de\/wp-json\/wp\/v2\/media?parent=40"}],"curies":[{"name":"wp","href":"https:\/\/api.w.org\/{rel}","templated":true}]}}

<p>Inhaltlich Verantwortlicher:</p>
<p>Christian Kästner<br />
Tel.: 030-84518414<br />
E-Mail: kontakt@torten-und-schnittchen.de</p>
<p>torten &amp; schnittchen<br />
C. Kästner<br />
Langhansstraße 101<br />
13086 Berlin</p>

<p>Inhaltlich Verantwortlicher: Christian Kästner Tel.: 030-84518414 E-Mail: kontakt@torten-und-schnittchen.de torten &amp; schnittchen C. Kästner Langhansstraße 101 13086 Berlin</p>
